se -2*m + 3*h + 14 = -1, 5 = 5*h. Let q(k) = -k**2 + 8*k + 9. Give q(m).
0
Suppose 4*z + 40 = 4*w, -15 = -2*w + 111*z - 114*z. Let i(j) = 7*j - 16. Let a(r) = 11*r - 24. Let h(q) = 5*a(q) - 8*i(q). Determine h(w).
-1
Let h(l) = 0*l - 6*l**2 - 2*l - 2*l - 12 + 15. Give h(2).
-29
Let n(v) be the first derivative of v**4/4 + 3*v**3 - 11*v**2/2 + 2*v - 335. Calculate n(-10).
12
Let o(s) = -s**3 - 4*s**2 + 2*s + 4. Suppose 5 = 2*l - 5. Suppose 4*r - 20 = l*k, 3*k + 12 = 2*r + 2*r. Give o(k).
-4
Let c = -7 - -10. Let a be 5/c - (-3)/9. Let z(v) = -3*v**2 - 3*v**2 - 3*v + 0*v**2 + v**a - v**3 - 4. What is z(-5)?
11
Let t(b) = 2*b**3 - 8*b**2 + 5. Let z(s) = -s**2 + 1. Let g(f) = -t(f) + 4*z(f). Determine g(3).
-19
Let f(c) = -c**2 + c + 2. Suppose 5*m + 13 = -42. Let z be (2 - (-12)/(-9))*12. Let g = m + z. Calculate f(g).
-10
Let f(p) be the third derivative of 0 + 0*p - 1/3*p**3 - 14*p**2 - 1/12*p**4. Determine f(-4).
6
Let w(p) = 1335*p - 8 + 0*p**2 + 0*p**2 - 664*p - p**2 - 656*p. Calculate w(15).
-8
Let k(f) be the first derivative of -f**3/3 + f**2/2 + 3*f - 248. Suppose 0*v - 2*v = 0. Determine k(v).
3
Let k(b) = -2*b - 6. Let c be k(-4). Suppose -c*d = s + 15, -d = -2*s + s. Let y(u) = 2*u + 4. Determine y(d).
-6
Let x(j) = -81 + 30 - j + 31 + 29. Let l = 15 - 7. Calculate x(l).
1
Let j(s) = s**3 - 3*s**2 - 10*s - 7. Let l(z) = z**2 - 2*z. Let f(h) = -j(h) + 2*l(h). Give f(6).
7
Suppose 0 = 3*k + 6, v = 3*k - 2*k - 4. Let o(p) = -2*p - 4. Give o(v).
8
Let k(q) = -6*q**3 - 5*q**2 + 12*q - 6. Let j(y) = y**3 - 2*y + 2. Let z(n) = 5*j(n) + k(n). Determine z(-5).
-6
Let y(f) = 2*f**2 - 38*f + 28. Let a be y(18). Let r(x) = 2*x + 18. Give r(a).
2
Let n(y) be the first derivative of -5*y**2/2 - 5*y - 5. Let b(c) = c**2 - 8*c + 12. Let k be b(4). What is n(k)?
15
Let i(j) be the second derivative of j**4/12 + j**3/6 + 3*j**2/2 + 10*j. Suppose 5*y + 25 = 0, 15 = -2*b - 4*y + y. Calculate i(b).
3
Let i(u) = -7*u**3 - 40*u**2 - 3*u + 38. Let g(l) = -4*l**3 - 21*l**2 - 2*l + 19. Let t(q) = 5*g(q) - 3*i(q). Calculate t(-15).
-4
Let v(b) = 3*b + 1. Let d(y) = -y. Let j(f) = 2*d(f) + v(f). Give j(-2).
-1
Let i(z) = z**2 - 2*z**3 - 3*z**2 + 2*z + 3*z**3. Let d(c) = 168*c - 670. Let f be d(4). What is i(f)?
4
Let x = -7 - -7. Suppose -3*o + 6 = x, 0 = -5*k + 4*o - 0*o + 22. Let i(p) = k + 0*p - p + 0 + p**2. Give i(0).
6
Let p(w) = w + 1. Let q(n) = n**2 + 15*n - 4. Let o(f) = -4*p(f) + q(f). Give o(-12).
4
Suppose 5 = 4*c - 11. Suppose c*z - 4 = 12. Suppose 5*r + z + 1 = 0. Let s(i) = 14*i + 1. Calculate s(r).
-13
Let j(x) be the first derivative of -x**4/4 - 2*x**3 + 5*x + 130. Give j(-6).
5
Let p(i) be the second derivative of i**4/12 - 5*i**3/2 - 9*i**2 + 19*i - 2. Let q be p(16). Let v(a) = a. Calculate v(q).
-2
Let y = 88 + -86. Let s(a) = a**3 - 4*a**2 + 2*a - 3. Determine s(y).
-7
Let h(v) be the second derivative of 13*v**6/360 - 5*v**3/6 + 12*v. Let w(a) be the second derivative of h(a). What is w(1)?
13
Let t = 12 + -12. Suppose t = -8*l + 5*l + 15. Let h(b) = -l*b + 2*b**2 + 3*b**2 - 7 - 4*b**2. What is h(7)?
7
Let i(d) = 11*d - 4*d + 5 - 5*d + 0. Let y = 11 + -16. What is i(y)?
-5
Let m(b) = -3*b**2 + 8*b + 5. Suppose -309*d = -302*d - 28. Give m(d).
-11
Let c(a) = a + 8. Let d(y) = y**3 + 4*y**2 + 6*y + 16. Let p be d(-4). Give c(p).
0
Let h = -26 - -28. Let d(t) = -6*t**2 + 0*t**2 - t**3 + 2*t + 1 + h*t**2. What is d(-4)?
-7
Let t(n) = -n**3 - 7*n**2 - 3*n + 16. Let h be t(-6). Let f(s) = s + 2. Let x(j) = 1. Let l(o) = 3*f(o) - 5*x(o). What is l(h)?
-5
Suppose 0 = 12*x - 379 + 307. Let u(b) = 2*b + 4. Calculate u(x).
16
Let a(g) = 3*g**2 + 7*g + 9. Let q(d) = 8*d**2 + 13*d + 19. Let w(p) = 5*a(p) - 2*q(p). Calculate w(10).
-3
Let a(q) = 1. Let m(c) = c + 12. Let f(s) = 2*a(s) + m(s). Calculate f(-11).
3
Suppose 0 = -5*m + 58 - 3. Let c(v) = -3*v - 4 - 4 - m*v + 17*v. Calculate c(6).
10
Let y(b) = 15*b - 366 - 2*b + b**3 + 15*b**2 + 715 - 362. Calculate y(-14).
1
Let l(k) = -2*k + 2. Let u(g) = 4*g - 5. Let v(w) = 5*l(w) + 3*u(w). Let a(i) = -10*i + 25. Let n(h) = 2*a(h) + 11*v(h). What is n(6)?
7
Let h(z) be the third derivative of -z**4/8 + 2*z**3/3 + 4*z**2. Suppose 3*n = 7*n - 16. Suppose -n*d + 6 = -2*d. What is h(d)?
-5
Let s(t) = 2*t - 2. Let z be s(2). Suppose 5*p = z*p + 9. Let d(q) = q**2 - 7 - 6*q + p - 2. What is d(5)?
-11
Suppose 14*j + 24 = 8*j. Let d(o) be the second derivative of -o**4/12 - o**3/6 + 3*o**2/2 + o. Let u(w) be the first derivative of d(w). Determine u(j).
7
Suppose -7*u = 10*u. Let q(s) be the first derivative of s**2/2 + 2*s + 8. Give q(u).
2
Let h(p) be the first derivative of -3*p**3 + p**2 + p - 26. Let y be (-6)/(-15) - 21/15. Determine h(y).
-10
Let i(q) = 9*q - 5*q**2 + 4*q**2 - 13*q - q**3 - 6*q**2 - 1. Give i(-6).
-13
Let l(w) = w**3 + w**2 - w - 2. Let i(p) = -6*p**3 + 7*p**2 + 6*p - 12. Let j(c) = -i(c) - 5*l(c). Give j(12).
10
Let h be (-1)/(-1)*(-72)/(-18). Suppose 1 = -a + 3. Let f(m) = -7*m + m**3 - 2*m**a + 5 - 1 + 1. What is f(h)?
9
Suppose 5*o - 7 = k, -4*o + 3*k - 7 = -3*o. Let n(a) = 8*a + a**3 + 4*a**o + 71 - 2*a - 3*a - 75. Let g(r) = -r**2 - 4*r + 2. Let b be g(-5). What is n(b)?
-4
Suppose 6*o - 4*o = -36. Let h = o - -14. Let p(m) = -m**2 - 3*m + 5. Calculate p(h).
1
Suppose -11 = 99*z - 88*z. Let r(s) = -9*s**2 + 4*s + 3. Give r(z).
-10
Let z(c) = -74 - c + 73 - 2*c**2 + c**2. Let f(x) = -x**3 + x + 1. Let y be f(0). Let r(j) = -j**3 + 4*j**2 - 2*j + 3. Let d(q) = y*r(q) - 2*z(q). What is d(6)?
5
Let h(d) = 14*d + 5. Let s be h(-1). Let v = s + 5. Let m(j) = j**2 + 3*j - 1. Give m(v).
3
Let o be (-2 - -2) + (5 - 0). Suppose 0 = 3*p + o*j - 62, -2*j - 1 = 2*p - 37. Let g(f) = p - f - 16 + 0*f. Calculate g(-4).
2
Let j(h) be the second derivative of h**3/6 - h**2 - h. Let l be j(4). Let p(i) = 1 - 611*i + 613*i + i**3 - 2*i**3. Determine p(l).
-3
Let i be 3/(-2)*1/((-9)/12). Suppose -a = 2 - 4. Let b(r) = -i*r + 5 - 4 + a + 0. Determine b(-6).
15
Let c(p) be the third derivative of p**5/30 + 5*p**4/24 + 4*p**3/3 - 527*p**2. What is c(-2)?
6
Let a(b) = 4*b**2 + 1. Let q(f) = f**3 + 6*f**2 - f - 3. Let c be q(-5). Let u = c - 26. What is a(u)?
5
Let p be (-8)/3*9/4. Let l(a) = -5*a**3 - 11*a**2 - 7*a + 2. Let h(y) = -y**3 - y**2 + 1. Let t(n) = 4*h(n) - l(n). Calculate t(p).
-4
Let y(b) = -140*b**2 + 138*b**2 + 4*b + 5 + b + 0*b. Calculate y(-2).
-13
Suppose -25 = -u - 2*r, 5*r = -0*u + u + 10. Suppose -3*o - 2*o + u = -p, 0 = -o - 3*p - 13. Let k(g) = -3*g**2 + 3*g - 2. Calculate k(o).
-8
Let u(o) = -o + 22. Let k(q) = -7. Let y(z) = -7*k(z) - 2*u(z). Let p(n) = n. Let i(f) = -p(f) + y(f). What is i(0)?
5
Let d(r) = -5*r**2 + 6*r - 5. Let a(j) = -2 + 5*j - 12 - 4*j**2 + 14 - 5. Let c(z) = -6*a(z) + 5*d(z). What is c(0)?
5
Let r(d) = 2*d + 4. Let y = 15 + -23. Give r(y).
-12
Let k(c) be the second derivative of c**4/6 + c**3/2 - 3*c**2/2 + 2*c. Let q(n) = -n**3 + 2*n**2 + 2*n + 5. Let u be q(3). Determine k(u).
11
Let x(t) = -t - 13. Let n(y) = -1. Let l(z) = -2*n(z) - x(z). What is l(-8)?
7
Let o(l) = l**2 + 4*l + 1. Suppose 39*d + 12 = 35*d. Calculate o(d).
-2
Let y(q) = 4*q**3 - 3*q**3 - 5*q + q + 5 + 7*q**2 - 3*q. Determine y(-8).
-3
Let h(l) be the third derivative of l**6/120 + l**5/12 - l**4/12 + 7*l**3/6 + 11*l**2 - 3. Suppose -y + 6*y + 25 = 0. Calculate h(y).
17
Suppose -5*l + 4*j = -j, l - 5*j + 12 = 0. Suppose -2*y = -2*g, -8*g + l*g - 4 = -y. Let p(f) = -13*f**2. Calculate p(g).
-13
Let m be 18/(-24) - 218/8. Let n = -27 - m. Let j(u) = -1 + 7 - u - n. Give j(-5).
10
Suppose -154 = -4*d - 10. Suppose -3 = -39*y + d*y. Let q(z) = 10*z + 1. Calculate q(y).
11
Suppose 0 = -3*m + 5*f - 36, -5*f = 3*m + 9 - 3. Let u(g) = -4*g - 26. What is u(m)?
2
Let b(y) = -26*y**2 - 1. Suppose 174 = 26*k + 148. Calculate b(k).
-27
Let d(k) = -k**3 + 8*k**2 + 2*k. Suppose 0 = -31*q + 36*q + 215. Let v = q - -51. Give d(v).
16
Suppose 0 = -26*z - 20 - 58. Let f(o) = o**2 + o + 2. Give f(z).
8
Let l(f) = 2*f**3 - 11*f**2 + 6*f - 12. Let y(g) = g**3 + 18*g**2 - 62*g + 26. Let k be y(-21). Determine l(k).
-7
Let d(t) = -t**3 - 4*t**2 - t - 3. Let p(c) = -c**2 - 8*c + 102. Let b be p(-15). What is d(b)?
-9
Let m(x) = -x**2 - 27*x. Let z(u) = 6*u. Let p(n) = -2*m(n) - 9*z(n). Give p(3).
18
Let w(p) 